{"id":34,"date":"2024-09-03T12:13:44","date_gmt":"2024-09-03T10:13:44","guid":{"rendered":"http:\/\/yogacoh.cluster029.hosting.ovh.net\/?page_id=34"},"modified":"2025-09-23T17:03:18","modified_gmt":"2025-09-23T15:03:18","slug":"les-cours","status":"publish","type":"page","link":"https:\/\/www.yogacorse.com\/index.php\/les-cours\/","title":{"rendered":"Les cours"},"content":{"rendered":"\n<h1 class=\"wp-block-heading has-text-align-center\">Les cours<\/h1>\n\n\n\n<div class=\"wp-block-media-text has-media-on-the-right is-stacked-on-mobile\"><div class=\"wp-block-media-text__content\">\n<p><\/p>\n\n\n\n<p><\/p>\n\n\n\n<h2 class=\"wp-block-heading has-text-align-center\"><strong>Cours de yoga \u00e0 partir du 1er Octobre 2025<\/strong><\/h2>\n\n\n\n<p>Cours de yoga de 2 heures :<br><br><strong>Porto-Vecchio<\/strong>&nbsp;:&nbsp;<br><strong>Lundi de 10 \u00e0 12h<br>Jeudi de 10 \u00e0 12h<\/strong><\/p>\n\n\n\n<p><strong>(pour la salle, appelez le 06 15 41 89 33 )<\/strong><br><br>&nbsp;<strong>Figari<\/strong>&nbsp;: Au rez de chauss\u00e9e de la Mairie. Salle des f\u00eates<br><strong>&nbsp;Mercredi&nbsp; de 18 \u00e0 20h<br><\/strong>&nbsp; &nbsp; &nbsp; &nbsp; &nbsp; &nbsp; &nbsp; &nbsp;&nbsp;<strong>&nbsp;<\/strong><br>&nbsp;<strong>Bonifacio<\/strong>&nbsp;:&nbsp;&nbsp;Au Torrione (Haute ville).<br><strong>&nbsp;Jeudi de 18 \u00e0 20h..&nbsp;<\/strong><br><br>Appelez pour plus de renseignements<br><strong>06 15 41 89 33<br>04 95 71 04 92<\/strong><\/p>\n<\/div><figure class=\"wp-block-media-text__media\"><img loading=\"lazy\" decoding=\"async\" width=\"1024\" height=\"683\" src=\"http:\/\/yogacoh.cluster029.hosting.ovh.net\/wp-content\/uploads\/2024\/09\/yoga-4489430_1920-1024x683.jpg\" alt=\"\" class=\"wp-image-31 size-full\" srcset=\"https:\/\/www.yogacorse.com\/wp-content\/uploads\/2024\/09\/yoga-4489430_1920-1024x683.jpg 1024w, https:\/\/www.yogacorse.com\/wp-content\/uploads\/2024\/09\/yoga-4489430_1920-300x200.jpg 300w, https:\/\/www.yogacorse.com\/wp-content\/uploads\/2024\/09\/yoga-4489430_1920-768x512.jpg 768w, https:\/\/www.yogacorse.com\/wp-content\/uploads\/2024\/09\/yoga-4489430_1920-1536x1025.jpg 1536w, https:\/\/www.yogacorse.com\/wp-content\/uploads\/2024\/09\/yoga-4489430_1920.jpg 1920w\" sizes=\"auto, (max-width: 1024px) 100vw, 1024px\" \/><\/figure><\/div>\n","protected":false},"excerpt":{"rendered":"<p>Les cours Cours de yoga \u00e0 partir du 1er Octobre 2025 Cours de yoga de 2 heures : Porto-Vecchio&nbsp;:&nbsp;Lundi de 10 \u00e0 12hJeudi de 10 \u00e0 12h (pour [&hellip;]<\/p>\n","protected":false},"author":1,"featured_media":0,"parent":0,"menu_order":0,"comment_status":"closed","ping_status":"closed","template":"","meta":{"footnotes":""},"class_list":["post-34","page","type-page","status-publish","hentry"],"_links":{"self":[{"href":"https:\/\/www.yogacorse.com\/index.php\/wp-json\/wp\/v2\/pages\/34","targetHints":{"allow":["GET"]}}],"collection":[{"href":"https:\/\/www.yogacorse.com\/index.php\/wp-json\/wp\/v2\/pages"}],"about":[{"href":"https:\/\/www.yogacorse.com\/index.php\/wp-json\/wp\/v2\/types\/page"}],"author":[{"embeddable":true,"href":"https:\/\/www.yogacorse.com\/index.php\/wp-json\/wp\/v2\/users\/1"}],"replies":[{"embeddable":true,"href":"https:\/\/www.yogacorse.com\/index.php\/wp-json\/wp\/v2\/comments?post=34"}],"version-history":[{"count":9,"href":"https:\/\/www.yogacorse.com\/index.php\/wp-json\/wp\/v2\/pages\/34\/revisions"}],"predecessor-version":[{"id":171,"href":"https:\/\/www.yogacorse.com\/index.php\/wp-json\/wp\/v2\/pages\/34\/revisions\/171"}],"wp:attachment":[{"href":"https:\/\/www.yogacorse.com\/index.php\/wp-json\/wp\/v2\/media?parent=34"}],"curies":[{"name":"wp","href":"https:\/\/api.w.org\/{rel}","templated":true}]}}